{"id":93,"date":"2013-02-19T07:51:49","date_gmt":"2013-02-19T06:51:49","guid":{"rendered":"http:\/\/dominikanische-laien.de\/?page_id=93"},"modified":"2020-10-05T17:44:08","modified_gmt":"2020-10-05T16:44:08","slug":"direktorium","status":"publish","type":"page","link":"https:\/\/dominikanische-laien.de\/?page_id=93","title":{"rendered":"Direktorium"},"content":{"rendered":"<p><a href=\"http:\/\/dominikanische-laien.de\/wp-content\/uploads\/2013\/02\/640px-Wegweiser_Erlass_3.jpg\"><img loading=\"lazy\" decoding=\"async\" class=\"wp-image-1638 aligncenter\" src=\"http:\/\/dominikanische-laien.de\/wp-content\/uploads\/2013\/02\/640px-Wegweiser_Erlass_3.jpg\" alt=\"640px-Wegweiser_Erlass_3\" width=\"500\" height=\"787\" srcset=\"https:\/\/dominikanische-laien.de\/wp-content\/uploads\/2013\/02\/640px-Wegweiser_Erlass_3.jpg 640w, https:\/\/dominikanische-laien.de\/wp-content\/uploads\/2013\/02\/640px-Wegweiser_Erlass_3-190x300.jpg 190w\" sizes=\"(max-width: 500px) 100vw, 500px\" \/><\/a><\/p>\n<p style=\"text-align: justify;\">Das Direktorium f\u00fcr die Dominikanischen Laiengemeinschaften der s\u00fcddeutsch-\u00f6sterreichischen Provinz wurde \u00fcberarbeitet und\u00a0ist in seiner im November 2014 approbierten Form unter dem folgenden Link\u00a0einsehbar<\/p>\n<p style=\"text-align: left;\"><a href=\"http:\/\/dominikanische-laien.de\/wp-content\/uploads\/2015\/01\/Direktorium-der-Dom.-Laiengemeinschaften-2014.pdf\">Direktorium der Dom. Laiengemeinschaften 2014<\/a><\/p>\n<p>Am 24. Mai 2019 promulgierte der Ordensmeister Bruno Cador\u00e9 zwei \u00c4nderungen in der Regel (20 c und 21 b) und verabschiedete eine neue Allgemeine Erkl\u00e4rung, die mit sofortiger Wirkung diejenigen seiner Vog\u00e4nger ersetzt. Au\u00dferdem verabschiedete am 4. Oktober 2019 der Provinzrat der Dominikanischen Laiengemeinschaften unserer Provinz Leitlinien f\u00fcr Gruppen im Aufbau. In der hier verlinkten Version des Direktoriums wurde diesen Fakten Rechnung getragen: die Regel\u00e4nderungen sind in roter Schrift an entsprechender Stelle eingetragen sowie die neue Allgemeine Erkl\u00e4rung und die Leitlinien im Anhang angef\u00fcgt. Diese Version des Direktoriums ist bis auf weiteres ma\u00dfgeblich.<\/p>\n\n\n<div class=\"wp-block-file\"><a href=\"http:\/\/dominikanische-laien.de\/wp-content\/uploads\/2019\/11\/Regel-und-Direktorium-25.10.2019.pdf\">Regel und Direktorium 25.10.2019<\/a><a href=\"http:\/\/dominikanische-laien.de\/wp-content\/uploads\/2019\/11\/Regel-und-Direktorium-25.10.2019.pdf\" class=\"wp-block-file__button\" download>Herunterladen<\/a><\/div>\n","protected":false},"excerpt":{"rendered":"<p>Das Direktorium f\u00fcr die Dominikanischen Laiengemeinschaften der s\u00fcddeutsch-\u00f6sterreichischen Provinz wurde \u00fcberarbeitet und\u00a0ist in seiner im November 2014 approbierten Form unter dem folgenden Link\u00a0einsehbar Direktorium der Dom. Laiengemeinschaften 2014 Am 24. Mai 2019 promulgierte der Ordensmeister Bruno Cador\u00e9 zwei \u00c4nderungen in &hellip; <a href=\"https:\/\/dominikanische-laien.de\/?page_id=93\">Weiterlesen <span class=\"meta-nav\">&rarr;<\/span><\/a><\/p>\n","protected":false},"author":2,"featured_media":0,"parent":20,"menu_order":2,"comment_status":"open","ping_status":"open","template":"","meta":{"footnotes":"","_links_to":"","_links_to_target":""},"class_list":["post-93","page","type-page","status-publish","hentry"],"_links":{"self":[{"href":"https:\/\/dominikanische-laien.de\/index.php?rest_route=\/wp\/v2\/pages\/93"}],"collection":[{"href":"https:\/\/dominikanische-laien.de\/index.php?rest_route=\/wp\/v2\/pages"}],"about":[{"href":"https:\/\/dominikanische-laien.de\/index.php?rest_route=\/wp\/v2\/types\/page"}],"author":[{"embeddable":true,"href":"https:\/\/dominikanische-laien.de\/index.php?rest_route=\/wp\/v2\/users\/2"}],"replies":[{"embeddable":true,"href":"https:\/\/dominikanische-laien.de\/index.php?rest_route=%2Fwp%2Fv2%2Fcomments&post=93"}],"version-history":[{"count":15,"href":"https:\/\/dominikanische-laien.de\/index.php?rest_route=\/wp\/v2\/pages\/93\/revisions"}],"predecessor-version":[{"id":4567,"href":"https:\/\/dominikanische-laien.de\/index.php?rest_route=\/wp\/v2\/pages\/93\/revisions\/4567"}],"up":[{"embeddable":true,"href":"https:\/\/dominikanische-laien.de\/index.php?rest_route=\/wp\/v2\/pages\/20"}],"wp:attachment":[{"href":"https:\/\/dominikanische-laien.de\/index.php?rest_route=%2Fwp%2Fv2%2Fmedia&parent=93"}],"curies":[{"name":"wp","href":"https:\/\/api.w.org\/{rel}","templated":true}]}}