{"id":107,"date":"2013-02-19T07:55:21","date_gmt":"2013-02-19T06:55:21","guid":{"rendered":"http:\/\/dominikanische-laien.de\/?page_id=107"},"modified":"2019-02-23T13:01:08","modified_gmt":"2019-02-23T12:01:08","slug":"die-uberregionalen-treffen","status":"publish","type":"page","link":"https:\/\/dominikanische-laien.de\/?page_id=107","title":{"rendered":"Die \u00fcberregionalen Treffen"},"content":{"rendered":"<p>Die Dominikanischen Laien unserer Provinz treffen sich mindestens einmal im Jahr zu \u00fcberregionalen Veranstaltungen. Seit 2007 finden j\u00e4hrliche Studientage statt. Obgleich die Studientage \u00f6ffentlich sind, finden sie auch gro\u00dfen Anklang bei den Mitgliedern der Dominikanischen Laiengemeinschaften unserer Provinz.<\/p>\n<p>Seit 2017 gibt es au\u00dferdem gemeinsame Studientage mit Laiendominikanern der Ordensprovinz Teutonia (linksrheinisch, Nord- und Ostdeutschland) statt. Dar\u00fcberhinaus finden regelm\u00e4\u00dfig regionale und \u00fcberregionale Treffen der ganzen Ordensfamilie (Br\u00fcder, Nonnen, Apostosche Schwestern und Laien) statt.<\/p>\n<p>Aus diesen Initiativen hat sich ein Geflecht gemeinsamer und j\u00e4hrlich wiederkehrender Aktivit\u00e4ten der Dominikanischen Laien in unserer Provinz und dar\u00fcber hinaus entwickelt, das in Zukunft hoffentlich mehr und mehr vertieft werden wird.<\/p>\n","protected":false},"excerpt":{"rendered":"<p>Die Dominikanischen Laien unserer Provinz treffen sich mindestens einmal im Jahr zu \u00fcberregionalen Veranstaltungen. Seit 2007 finden j\u00e4hrliche Studientage statt. Obgleich die Studientage \u00f6ffentlich sind, finden sie auch gro\u00dfen Anklang bei den Mitgliedern der Dominikanischen Laiengemeinschaften unserer Provinz. Seit 2017 &hellip; <a href=\"https:\/\/dominikanische-laien.de\/?page_id=107\">Weiterlesen <span class=\"meta-nav\">&rarr;<\/span><\/a><\/p>\n","protected":false},"author":2,"featured_media":0,"parent":21,"menu_order":4,"comment_status":"open","ping_status":"open","template":"","meta":{"footnotes":"","_links_to":"","_links_to_target":""},"class_list":["post-107","page","type-page","status-publish","hentry"],"_links":{"self":[{"href":"https:\/\/dominikanische-laien.de\/index.php?rest_route=\/wp\/v2\/pages\/107"}],"collection":[{"href":"https:\/\/dominikanische-laien.de\/index.php?rest_route=\/wp\/v2\/pages"}],"about":[{"href":"https:\/\/dominikanische-laien.de\/index.php?rest_route=\/wp\/v2\/types\/page"}],"author":[{"embeddable":true,"href":"https:\/\/dominikanische-laien.de\/index.php?rest_route=\/wp\/v2\/users\/2"}],"replies":[{"embeddable":true,"href":"https:\/\/dominikanische-laien.de\/index.php?rest_route=%2Fwp%2Fv2%2Fcomments&post=107"}],"version-history":[{"count":10,"href":"https:\/\/dominikanische-laien.de\/index.php?rest_route=\/wp\/v2\/pages\/107\/revisions"}],"predecessor-version":[{"id":3945,"href":"https:\/\/dominikanische-laien.de\/index.php?rest_route=\/wp\/v2\/pages\/107\/revisions\/3945"}],"up":[{"embeddable":true,"href":"https:\/\/dominikanische-laien.de\/index.php?rest_route=\/wp\/v2\/pages\/21"}],"wp:attachment":[{"href":"https:\/\/dominikanische-laien.de\/index.php?rest_route=%2Fwp%2Fv2%2Fmedia&parent=107"}],"curies":[{"name":"wp","href":"https:\/\/api.w.org\/{rel}","templated":true}]}}